{"id":27,"date":"2020-08-04T07:47:57","date_gmt":"2020-08-04T07:47:57","guid":{"rendered":"http:\/\/wp.physio-muenster.com\/?page_id=27"},"modified":"2020-08-04T07:47:57","modified_gmt":"2020-08-04T07:47:57","slug":"nuetzliche-informationen","status":"publish","type":"page","link":"https:\/\/www.physio-muenster.com\/?page_id=27","title":{"rendered":"N\u00fctzliche Informationen"},"content":{"rendered":"\n<p><strong>Heilmittelkatalog<\/strong>&nbsp;(gilt nur f\u00fcr gesetzliche Krankenkassen!)<br>In diesem Katalog sind Art, Anzahl (insgesamt und Anzahl pro Woche) und die Verordnungsf\u00e4higkeit von Leistungen der Physiotherapie aufgelistet, die bei bestimmten Erkrankungen und Symptomen verordnet werden k\u00f6nnen.<br>Danach richtet sich die Entscheidung des Arztes ob und wie viele Behandlungen stattfinden k\u00f6nnen.<br>F\u00fcr chronisch erkrankte Menschen und in besonderen F\u00e4llen gibt es auch Ausnahmeregelungen, sogenannte Praxisbesonderheiten.<\/p>\n\n\n\n<p><strong>Behandlungsbeginn<\/strong><br>Wenn nicht anders vom Arzt vermerkt sollte die erste Behandlung bei Kassenrezepten binnen 14 Tagen erfolgen, ansonsten verliert das Rezept seine G\u00fcltigkeit. Eine Verl\u00e4ngerung dieser Zeitspanne z.B. bei bereits geplantem Urlaub, muss auf dem Rezept unter \u201eBehandlungsbeginn sp\u00e4testens am&#8230;&#8230;..\u201c von der verordnenden Praxis mit Stempel und Unterschrift versehen, notiert werden.<\/p>\n\n\n\n<p>Bei PrivatpatientInnen gibt es keinen vorgeschriebenen Zeitrahmen.<\/p>\n","protected":false},"excerpt":{"rendered":"<p>Heilmittelkatalog&nbsp;(gilt nur f\u00fcr gesetzliche Krankenkassen!)In diesem Katalog sind Art, Anzahl (insgesamt und Anzahl pro Woche) und die Verordnungsf\u00e4higkeit von Leistungen der Physiotherapie aufgelistet, die bei bestimmten Erkrankungen und Symptomen verordnet werden k\u00f6nnen.Danach richtet sich die Entscheidung des Arztes ob und wie viele Behandlungen stattfinden k\u00f6nnen.F\u00fcr chronisch erkrankte Menschen und in besonderen F\u00e4llen gibt es auch [&hellip;]<\/p>\n","protected":false},"author":1,"featured_media":0,"parent":0,"menu_order":0,"comment_status":"closed","ping_status":"closed","template":"","meta":[],"yoast_head":"<!-- This site is optimized with the Yoast SEO plugin v19.4 - https:\/\/yoast.com\/wordpress\/plugins\/seo\/ -->\n<title>N\u00fctzliche Informationen - Krankengymnastik M\u00fcnster<\/title>\n<meta name=\"robots\" content=\"index, follow, max-snippet:-1, max-image-preview:large, max-video-preview:-1\" \/>\n<link rel=\"canonical\" href=\"https:\/\/www.physio-muenster.com\/?page_id=27\" \/>\n<meta property=\"og:locale\" content=\"de_DE\" \/>\n<meta property=\"og:type\" content=\"article\" \/>\n<meta property=\"og:title\" content=\"N\u00fctzliche Informationen - Krankengymnastik M\u00fcnster\" \/>\n<meta property=\"og:description\" content=\"Heilmittelkatalog&nbsp;(gilt nur f\u00fcr gesetzliche Krankenkassen!)In diesem Katalog sind Art, Anzahl (insgesamt und Anzahl pro Woche) und die Verordnungsf\u00e4higkeit von Leistungen der Physiotherapie aufgelistet, die bei bestimmten Erkrankungen und Symptomen verordnet werden k\u00f6nnen.Danach richtet sich die Entscheidung des Arztes ob und wie viele Behandlungen stattfinden k\u00f6nnen.F\u00fcr chronisch erkrankte Menschen und in besonderen F\u00e4llen gibt es auch [&hellip;]\" \/>\n<meta property=\"og:url\" content=\"https:\/\/www.physio-muenster.com\/?page_id=27\" \/>\n<meta property=\"og:site_name\" content=\"Krankengymnastik M\u00fcnster\" \/>\n<meta name=\"twitter:card\" content=\"summary_large_image\" \/>\n<meta name=\"twitter:label1\" content=\"Gesch\u00e4tzte Lesezeit\" \/>\n\t<meta name=\"twitter:data1\" content=\"1\u00a0Minute\" \/>\n<script type=\"application\/ld+json\" class=\"yoast-schema-graph\">{\"@context\":\"https:\/\/schema.org\",\"@graph\":[{\"@type\":\"Organization\",\"@id\":\"https:\/\/www.physio-muenster.com\/#organization\",\"name\":\"Krankengymnastik M\u00fcnster\",\"url\":\"https:\/\/www.physio-muenster.com\/\",\"sameAs\":[],\"logo\":{\"@type\":\"ImageObject\",\"inLanguage\":\"de\",\"@id\":\"https:\/\/www.physio-muenster.com\/#\/schema\/logo\/image\/\",\"url\":\"https:\/\/www.physio-muenster.com\/wp-content\/uploads\/2020\/08\/cropped-logo-1.jpg\",\"contentUrl\":\"https:\/\/www.physio-muenster.com\/wp-content\/uploads\/2020\/08\/cropped-logo-1.jpg\",\"width\":150,\"height\":150,\"caption\":\"Krankengymnastik M\u00fcnster\"},\"image\":{\"@id\":\"https:\/\/www.physio-muenster.com\/#\/schema\/logo\/image\/\"}},{\"@type\":\"WebSite\",\"@id\":\"https:\/\/www.physio-muenster.com\/#website\",\"url\":\"https:\/\/www.physio-muenster.com\/\",\"name\":\"Krankengymnastik M\u00fcnster\",\"description\":\"Angelica Hanle - Petra Nolte\",\"publisher\":{\"@id\":\"https:\/\/www.physio-muenster.com\/#organization\"},\"potentialAction\":[{\"@type\":\"SearchAction\",\"target\":{\"@type\":\"EntryPoint\",\"urlTemplate\":\"https:\/\/www.physio-muenster.com\/?s={search_term_string}\"},\"query-input\":\"required name=search_term_string\"}],\"inLanguage\":\"de\"},{\"@type\":\"WebPage\",\"@id\":\"https:\/\/www.physio-muenster.com\/?page_id=27\",\"url\":\"https:\/\/www.physio-muenster.com\/?page_id=27\",\"name\":\"N\u00fctzliche Informationen - Krankengymnastik M\u00fcnster\",\"isPartOf\":{\"@id\":\"https:\/\/www.physio-muenster.com\/#website\"},\"datePublished\":\"2020-08-04T07:47:57+00:00\",\"dateModified\":\"2020-08-04T07:47:57+00:00\",\"breadcrumb\":{\"@id\":\"https:\/\/www.physio-muenster.com\/?page_id=27#breadcrumb\"},\"inLanguage\":\"de\",\"potentialAction\":[{\"@type\":\"ReadAction\",\"target\":[\"https:\/\/www.physio-muenster.com\/?page_id=27\"]}]},{\"@type\":\"BreadcrumbList\",\"@id\":\"https:\/\/www.physio-muenster.com\/?page_id=27#breadcrumb\",\"itemListElement\":[{\"@type\":\"ListItem\",\"position\":1,\"name\":\"Startseite\",\"item\":\"https:\/\/www.physio-muenster.com\/\"},{\"@type\":\"ListItem\",\"position\":2,\"name\":\"N\u00fctzliche Informationen\"}]}]}<\/script>\n<!-- \/ Yoast SEO plugin. -->","yoast_head_json":{"title":"N\u00fctzliche Informationen - Krankengymnastik M\u00fcnster","robots":{"index":"index","follow":"follow","max-snippet":"max-snippet:-1","max-image-preview":"max-image-preview:large","max-video-preview":"max-video-preview:-1"},"canonical":"https:\/\/www.physio-muenster.com\/?page_id=27","og_locale":"de_DE","og_type":"article","og_title":"N\u00fctzliche Informationen - Krankengymnastik M\u00fcnster","og_description":"Heilmittelkatalog&nbsp;(gilt nur f\u00fcr gesetzliche Krankenkassen!)In diesem Katalog sind Art, Anzahl (insgesamt und Anzahl pro Woche) und die Verordnungsf\u00e4higkeit von Leistungen der Physiotherapie aufgelistet, die bei bestimmten Erkrankungen und Symptomen verordnet werden k\u00f6nnen.Danach richtet sich die Entscheidung des Arztes ob und wie viele Behandlungen stattfinden k\u00f6nnen.F\u00fcr chronisch erkrankte Menschen und in besonderen F\u00e4llen gibt es auch [&hellip;]","og_url":"https:\/\/www.physio-muenster.com\/?page_id=27","og_site_name":"Krankengymnastik M\u00fcnster","twitter_card":"summary_large_image","twitter_misc":{"Gesch\u00e4tzte Lesezeit":"1\u00a0Minute"},"schema":{"@context":"https:\/\/schema.org","@graph":[{"@type":"Organization","@id":"https:\/\/www.physio-muenster.com\/#organization","name":"Krankengymnastik M\u00fcnster","url":"https:\/\/www.physio-muenster.com\/","sameAs":[],"logo":{"@type":"ImageObject","inLanguage":"de","@id":"https:\/\/www.physio-muenster.com\/#\/schema\/logo\/image\/","url":"https:\/\/www.physio-muenster.com\/wp-content\/uploads\/2020\/08\/cropped-logo-1.jpg","contentUrl":"https:\/\/www.physio-muenster.com\/wp-content\/uploads\/2020\/08\/cropped-logo-1.jpg","width":150,"height":150,"caption":"Krankengymnastik M\u00fcnster"},"image":{"@id":"https:\/\/www.physio-muenster.com\/#\/schema\/logo\/image\/"}},{"@type":"WebSite","@id":"https:\/\/www.physio-muenster.com\/#website","url":"https:\/\/www.physio-muenster.com\/","name":"Krankengymnastik M\u00fcnster","description":"Angelica Hanle - Petra Nolte","publisher":{"@id":"https:\/\/www.physio-muenster.com\/#organization"},"potentialAction":[{"@type":"SearchAction","target":{"@type":"EntryPoint","urlTemplate":"https:\/\/www.physio-muenster.com\/?s={search_term_string}"},"query-input":"required name=search_term_string"}],"inLanguage":"de"},{"@type":"WebPage","@id":"https:\/\/www.physio-muenster.com\/?page_id=27","url":"https:\/\/www.physio-muenster.com\/?page_id=27","name":"N\u00fctzliche Informationen - Krankengymnastik M\u00fcnster","isPartOf":{"@id":"https:\/\/www.physio-muenster.com\/#website"},"datePublished":"2020-08-04T07:47:57+00:00","dateModified":"2020-08-04T07:47:57+00:00","breadcrumb":{"@id":"https:\/\/www.physio-muenster.com\/?page_id=27#breadcrumb"},"inLanguage":"de","potentialAction":[{"@type":"ReadAction","target":["https:\/\/www.physio-muenster.com\/?page_id=27"]}]},{"@type":"BreadcrumbList","@id":"https:\/\/www.physio-muenster.com\/?page_id=27#breadcrumb","itemListElement":[{"@type":"ListItem","position":1,"name":"Startseite","item":"https:\/\/www.physio-muenster.com\/"},{"@type":"ListItem","position":2,"name":"N\u00fctzliche Informationen"}]}]}},"_links":{"self":[{"href":"https:\/\/www.physio-muenster.com\/index.php?rest_route=\/wp\/v2\/pages\/27"}],"collection":[{"href":"https:\/\/www.physio-muenster.com\/index.php?rest_route=\/wp\/v2\/pages"}],"about":[{"href":"https:\/\/www.physio-muenster.com\/index.php?rest_route=\/wp\/v2\/types\/page"}],"author":[{"embeddable":true,"href":"https:\/\/www.physio-muenster.com\/index.php?rest_route=\/wp\/v2\/users\/1"}],"replies":[{"embeddable":true,"href":"https:\/\/www.physio-muenster.com\/index.php?rest_route=%2Fwp%2Fv2%2Fcomments&post=27"}],"version-history":[{"count":1,"href":"https:\/\/www.physio-muenster.com\/index.php?rest_route=\/wp\/v2\/pages\/27\/revisions"}],"predecessor-version":[{"id":28,"href":"https:\/\/www.physio-muenster.com\/index.php?rest_route=\/wp\/v2\/pages\/27\/revisions\/28"}],"wp:attachment":[{"href":"https:\/\/www.physio-muenster.com\/index.php?rest_route=%2Fwp%2Fv2%2Fmedia&parent=27"}],"curies":[{"name":"wp","href":"https:\/\/api.w.org\/{rel}","templated":true}]}}