{"id":29,"date":"2020-08-04T07:48:19","date_gmt":"2020-08-04T07:48:19","guid":{"rendered":"http:\/\/wp.physio-muenster.com\/?page_id=29"},"modified":"2020-11-23T15:31:12","modified_gmt":"2020-11-23T15:31:12","slug":"kontakt","status":"publish","type":"page","link":"https:\/\/www.physio-muenster.com\/?page_id=29","title":{"rendered":"Kontakt"},"content":{"rendered":"\r\n<p>&nbsp;<\/p>\r\n<table style=\"border-collapse: collapse; width: 100%;\">\r\n<tbody>\r\n<tr>\r\n<td style=\"width: 22.4475%;\">\u00a0<\/td>\r\n<td style=\"width: 24.9819%;\">\u00a0<\/td>\r\n<\/tr>\r\n<tr>\r\n<td style=\"width: 22.4475%;\"><br \/>\r\n<p><strong>Angelica Hanle<br \/>Petra Nolte<\/strong><br \/><br \/>K\u00f6sliner Stra\u00dfe 67<br \/>48147 M\u00fcnster<br \/>Tel. 0251\/23 43 67<br \/>Fax 0251\/89 90 09 94<br \/><a href=\"http:\/\/www.physio-muenster.com\/\">www.physio-muenster.com<\/a><\/p>\r\n<\/td>\r\n<td style=\"width: 24.9819%;\"><img loading=\"lazy\" class=\"alignnone size-medium wp-image-173\" src=\"http:\/\/wp.physio-muenster.com\/wp-content\/uploads\/2020\/11\/20180126_090128-289x300.png\" alt=\"\" width=\"289\" height=\"300\" srcset=\"https:\/\/www.physio-muenster.com\/wp-content\/uploads\/2020\/11\/20180126_090128-289x300.png 289w, https:\/\/www.physio-muenster.com\/wp-content\/uploads\/2020\/11\/20180126_090128-987x1024.png 987w, https:\/\/www.physio-muenster.com\/wp-content\/uploads\/2020\/11\/20180126_090128-768x796.png 768w, https:\/\/www.physio-muenster.com\/wp-content\/uploads\/2020\/11\/20180126_090128-800x830.png 800w, https:\/\/www.physio-muenster.com\/wp-content\/uploads\/2020\/11\/20180126_090128.png 1080w\" sizes=\"(max-width: 289px) 100vw, 289px\" \/><\/td>\r\n<\/tr>\r\n<\/tbody>\r\n<\/table>\r\n<p>&nbsp;<\/p>\r\n\r\n\r\n\r\n<p><strong>\u00d6ffnungszeiten:<\/strong><\/p>\r\n\r\n\r\n\r\n<p>t\u00e4glich von 8 \u2013 19 Uhr (und nach Absprache!), ganzj\u00e4hrig, Termine nach Vereinbarung. Sollten alle Mitarbeiter in Behandlungen sein, hinterlassen Sie bitte Ihre Telefonnummer und den Grund Ihres Anrufes auf unserem Anrufbeantworter. Wir rufen gerne umgehend zur\u00fcck.<\/p>\r\n\r\n\r\n\r\n<p>Wir sind eine Terminpraxis. Vereinbarte Termine sind verbindlich und Zeit ist kostbar. Bitte sagen Sie daher die Termine mindestens 24 Stunden vorher ab. Bei einer rechtzeitigen Absage k\u00f6nnen wir den Termin einem anderen Patienten zur Verf\u00fcgung stellen.<\/p>\r\n","protected":false},"excerpt":{"rendered":"<p>&nbsp; \u00a0 \u00a0 Angelica HanlePetra Nolte K\u00f6sliner Stra\u00dfe 6748147 M\u00fcnsterTel. 0251\/23 43 67Fax 0251\/89 90 09 94www.physio-muenster.com &nbsp; \u00d6ffnungszeiten: t\u00e4glich von 8 \u2013 19 Uhr (und nach Absprache!), ganzj\u00e4hrig, Termine nach Vereinbarung. Sollten alle Mitarbeiter in Behandlungen sein, hinterlassen Sie bitte Ihre Telefonnummer und den Grund Ihres Anrufes auf unserem Anrufbeantworter. Wir rufen gerne umgehend [&hellip;]<\/p>\n","protected":false},"author":1,"featured_media":0,"parent":0,"menu_order":0,"comment_status":"closed","ping_status":"closed","template":"","meta":[],"yoast_head":"<!-- This site is optimized with the Yoast SEO plugin v19.4 - https:\/\/yoast.com\/wordpress\/plugins\/seo\/ -->\n<title>Kontakt - Krankengymnastik M\u00fcnster<\/title>\n<meta name=\"robots\" content=\"index, follow, max-snippet:-1, max-image-preview:large, max-video-preview:-1\" \/>\n<link rel=\"canonical\" href=\"https:\/\/www.physio-muenster.com\/?page_id=29\" \/>\n<meta property=\"og:locale\" content=\"de_DE\" \/>\n<meta property=\"og:type\" content=\"article\" \/>\n<meta property=\"og:title\" content=\"Kontakt - Krankengymnastik M\u00fcnster\" \/>\n<meta property=\"og:description\" content=\"&nbsp; \u00a0 \u00a0 Angelica HanlePetra Nolte K\u00f6sliner Stra\u00dfe 6748147 M\u00fcnsterTel. 0251\/23 43 67Fax 0251\/89 90 09 94www.physio-muenster.com &nbsp; \u00d6ffnungszeiten: t\u00e4glich von 8 \u2013 19 Uhr (und nach Absprache!), ganzj\u00e4hrig, Termine nach Vereinbarung. Sollten alle Mitarbeiter in Behandlungen sein, hinterlassen Sie bitte Ihre Telefonnummer und den Grund Ihres Anrufes auf unserem Anrufbeantworter. Wir rufen gerne umgehend [&hellip;]\" \/>\n<meta property=\"og:url\" content=\"https:\/\/www.physio-muenster.com\/?page_id=29\" \/>\n<meta property=\"og:site_name\" content=\"Krankengymnastik M\u00fcnster\" \/>\n<meta property=\"article:modified_time\" content=\"2020-11-23T15:31:12+00:00\" \/>\n<meta property=\"og:image\" content=\"http:\/\/wp.physio-muenster.com\/wp-content\/uploads\/2020\/11\/20180126_090128-289x300.png\" \/>\n<meta name=\"twitter:card\" content=\"summary_large_image\" \/>\n<script type=\"application\/ld+json\" class=\"yoast-schema-graph\">{\"@context\":\"https:\/\/schema.org\",\"@graph\":[{\"@type\":\"Organization\",\"@id\":\"https:\/\/www.physio-muenster.com\/#organization\",\"name\":\"Krankengymnastik M\u00fcnster\",\"url\":\"https:\/\/www.physio-muenster.com\/\",\"sameAs\":[],\"logo\":{\"@type\":\"ImageObject\",\"inLanguage\":\"de\",\"@id\":\"https:\/\/www.physio-muenster.com\/#\/schema\/logo\/image\/\",\"url\":\"https:\/\/www.physio-muenster.com\/wp-content\/uploads\/2020\/08\/cropped-logo-1.jpg\",\"contentUrl\":\"https:\/\/www.physio-muenster.com\/wp-content\/uploads\/2020\/08\/cropped-logo-1.jpg\",\"width\":150,\"height\":150,\"caption\":\"Krankengymnastik M\u00fcnster\"},\"image\":{\"@id\":\"https:\/\/www.physio-muenster.com\/#\/schema\/logo\/image\/\"}},{\"@type\":\"WebSite\",\"@id\":\"https:\/\/www.physio-muenster.com\/#website\",\"url\":\"https:\/\/www.physio-muenster.com\/\",\"name\":\"Krankengymnastik M\u00fcnster\",\"description\":\"Angelica Hanle - Petra Nolte\",\"publisher\":{\"@id\":\"https:\/\/www.physio-muenster.com\/#organization\"},\"potentialAction\":[{\"@type\":\"SearchAction\",\"target\":{\"@type\":\"EntryPoint\",\"urlTemplate\":\"https:\/\/www.physio-muenster.com\/?s={search_term_string}\"},\"query-input\":\"required name=search_term_string\"}],\"inLanguage\":\"de\"},{\"@type\":\"WebPage\",\"@id\":\"https:\/\/www.physio-muenster.com\/?page_id=29\",\"url\":\"https:\/\/www.physio-muenster.com\/?page_id=29\",\"name\":\"Kontakt - Krankengymnastik M\u00fcnster\",\"isPartOf\":{\"@id\":\"https:\/\/www.physio-muenster.com\/#website\"},\"datePublished\":\"2020-08-04T07:48:19+00:00\",\"dateModified\":\"2020-11-23T15:31:12+00:00\",\"breadcrumb\":{\"@id\":\"https:\/\/www.physio-muenster.com\/?page_id=29#breadcrumb\"},\"inLanguage\":\"de\",\"potentialAction\":[{\"@type\":\"ReadAction\",\"target\":[\"https:\/\/www.physio-muenster.com\/?page_id=29\"]}]},{\"@type\":\"BreadcrumbList\",\"@id\":\"https:\/\/www.physio-muenster.com\/?page_id=29#breadcrumb\",\"itemListElement\":[{\"@type\":\"ListItem\",\"position\":1,\"name\":\"Startseite\",\"item\":\"https:\/\/www.physio-muenster.com\/\"},{\"@type\":\"ListItem\",\"position\":2,\"name\":\"Kontakt\"}]}]}<\/script>\n<!-- \/ Yoast SEO plugin. -->","yoast_head_json":{"title":"Kontakt - Krankengymnastik M\u00fcnster","robots":{"index":"index","follow":"follow","max-snippet":"max-snippet:-1","max-image-preview":"max-image-preview:large","max-video-preview":"max-video-preview:-1"},"canonical":"https:\/\/www.physio-muenster.com\/?page_id=29","og_locale":"de_DE","og_type":"article","og_title":"Kontakt - Krankengymnastik M\u00fcnster","og_description":"&nbsp; \u00a0 \u00a0 Angelica HanlePetra Nolte K\u00f6sliner Stra\u00dfe 6748147 M\u00fcnsterTel. 0251\/23 43 67Fax 0251\/89 90 09 94www.physio-muenster.com &nbsp; \u00d6ffnungszeiten: t\u00e4glich von 8 \u2013 19 Uhr (und nach Absprache!), ganzj\u00e4hrig, Termine nach Vereinbarung. Sollten alle Mitarbeiter in Behandlungen sein, hinterlassen Sie bitte Ihre Telefonnummer und den Grund Ihres Anrufes auf unserem Anrufbeantworter. Wir rufen gerne umgehend [&hellip;]","og_url":"https:\/\/www.physio-muenster.com\/?page_id=29","og_site_name":"Krankengymnastik M\u00fcnster","article_modified_time":"2020-11-23T15:31:12+00:00","og_image":[{"url":"http:\/\/wp.physio-muenster.com\/wp-content\/uploads\/2020\/11\/20180126_090128-289x300.png"}],"twitter_card":"summary_large_image","schema":{"@context":"https:\/\/schema.org","@graph":[{"@type":"Organization","@id":"https:\/\/www.physio-muenster.com\/#organization","name":"Krankengymnastik M\u00fcnster","url":"https:\/\/www.physio-muenster.com\/","sameAs":[],"logo":{"@type":"ImageObject","inLanguage":"de","@id":"https:\/\/www.physio-muenster.com\/#\/schema\/logo\/image\/","url":"https:\/\/www.physio-muenster.com\/wp-content\/uploads\/2020\/08\/cropped-logo-1.jpg","contentUrl":"https:\/\/www.physio-muenster.com\/wp-content\/uploads\/2020\/08\/cropped-logo-1.jpg","width":150,"height":150,"caption":"Krankengymnastik M\u00fcnster"},"image":{"@id":"https:\/\/www.physio-muenster.com\/#\/schema\/logo\/image\/"}},{"@type":"WebSite","@id":"https:\/\/www.physio-muenster.com\/#website","url":"https:\/\/www.physio-muenster.com\/","name":"Krankengymnastik M\u00fcnster","description":"Angelica Hanle - Petra Nolte","publisher":{"@id":"https:\/\/www.physio-muenster.com\/#organization"},"potentialAction":[{"@type":"SearchAction","target":{"@type":"EntryPoint","urlTemplate":"https:\/\/www.physio-muenster.com\/?s={search_term_string}"},"query-input":"required name=search_term_string"}],"inLanguage":"de"},{"@type":"WebPage","@id":"https:\/\/www.physio-muenster.com\/?page_id=29","url":"https:\/\/www.physio-muenster.com\/?page_id=29","name":"Kontakt - Krankengymnastik M\u00fcnster","isPartOf":{"@id":"https:\/\/www.physio-muenster.com\/#website"},"datePublished":"2020-08-04T07:48:19+00:00","dateModified":"2020-11-23T15:31:12+00:00","breadcrumb":{"@id":"https:\/\/www.physio-muenster.com\/?page_id=29#breadcrumb"},"inLanguage":"de","potentialAction":[{"@type":"ReadAction","target":["https:\/\/www.physio-muenster.com\/?page_id=29"]}]},{"@type":"BreadcrumbList","@id":"https:\/\/www.physio-muenster.com\/?page_id=29#breadcrumb","itemListElement":[{"@type":"ListItem","position":1,"name":"Startseite","item":"https:\/\/www.physio-muenster.com\/"},{"@type":"ListItem","position":2,"name":"Kontakt"}]}]}},"_links":{"self":[{"href":"https:\/\/www.physio-muenster.com\/index.php?rest_route=\/wp\/v2\/pages\/29"}],"collection":[{"href":"https:\/\/www.physio-muenster.com\/index.php?rest_route=\/wp\/v2\/pages"}],"about":[{"href":"https:\/\/www.physio-muenster.com\/index.php?rest_route=\/wp\/v2\/types\/page"}],"author":[{"embeddable":true,"href":"https:\/\/www.physio-muenster.com\/index.php?rest_route=\/wp\/v2\/users\/1"}],"replies":[{"embeddable":true,"href":"https:\/\/www.physio-muenster.com\/index.php?rest_route=%2Fwp%2Fv2%2Fcomments&post=29"}],"version-history":[{"count":5,"href":"https:\/\/www.physio-muenster.com\/index.php?rest_route=\/wp\/v2\/pages\/29\/revisions"}],"predecessor-version":[{"id":177,"href":"https:\/\/www.physio-muenster.com\/index.php?rest_route=\/wp\/v2\/pages\/29\/revisions\/177"}],"wp:attachment":[{"href":"https:\/\/www.physio-muenster.com\/index.php?rest_route=%2Fwp%2Fv2%2Fmedia&parent=29"}],"curies":[{"name":"wp","href":"https:\/\/api.w.org\/{rel}","templated":true}]}}